lue of -30 + (-1 - -7) + -26 + 19?
-31
Evaluate (-213 + 520 - 212) + (-23 - -1).
73
What is the value of 15 - (7 + 6 + -9 + 3)?
8
What is 2 + (5 + 16 - 73) + -6 + 2?
-54
Calculate 15 + -39 - (-8 - 31).
15
What is 109 + (-24 - 0) + -42 + 39?
82
(10 - (9 - 19)) + -5 + -113 + -6 + 4
-100
18 - (39 - 9) - -4 - (1 - -17)
-26
What is 14 + 0 + -6 + 1 + (-1159 - -1130)?
-20
-54 + 64 + (46 - (-10 + 20))
46
Evaluate 296 + -174 + (-32 - 14).
76
What is the value of -23 + 30 + 16 - -32?
55
Evaluate -12 - ((-74 - 3) + 75).
-10
-9 - (-4 - -2) - (6 + 8 - 31)
10
(6 - ((-4 - -4) + 1 - 2)) + (1752 - 1705)
54
What is (-189 - -203) + -2 + (-13 - -5 - -2)?
6
Calculate 7 + 3 + -27 - 28.
-45
What is the value of -6 - (11 - 1 - (14 + (-15 - -33 - 27)))?
-11
What is the value of (27 - (17 + -1)) + -11 + -12?
-12
Calculate (11 - -22) + 330 + -390.
-27
Evaluate 2 + 11 + (-47 + 78 - 35) + 5.
14
What is (-7 - (-7 - (13 + 4))) + 23?
40
3 + 6 + (2 - -3) + (116 - 138)
-8
(-29 - (-12 - 5 - -8)) + (0 - -3) + 4
-13
Evaluate 4 - -4 - (2 + (-3 - -16) + (-476 - -528)).
-59
Calculate 11647 + -11682 + (-1 + -23 - 0).
-59
Calculate 2 - (-11 + (17 - 7) - -12 - -11).
-20
107 + -105 + -46 + 4
-40
What is 80 + (80 - (197 - 68))?
31
What is the value of -5 + (64 + -45 - 7)?
7
What is -69 - (1 - -78 - 112)?
-36
Calculate (-112 - -60) + 9 + 0.
-43
What is 111 - -10 - (7 - ((-12 - -5) + 3) - -3)?
107
What is (57 - 0) + (-3447 - -3414)?
24
-8 - ((-61 - -63) + -21 - (-4 + 2))
9
What is -1996 + 1994 - (25 - -1)?
-28
-73 - -85 - (-6 + (8 - 7))
17
What is (-6 - -3) + 1 + (5 + -2 - (49 + -18))?
-30
Evaluate -1 + (15 - 15) + 7 - 4 - (38 - -1).
-37
Evaluate -54 + 23 - -18 - -30.
17
-18 - (9 - 5) - (-18 + (20 - -6) + -24)
-6
What is 9 + (-52 - (-3 - 0) - 7 - (2 + 7))?
-56
(-9 - 7) + (12 - 2) + -4 + 95
85
Calculate 50 + (-27 - 17) + -17 + -88.
-99
-6 + 18 + 7 + (0 - (9 + 6)) + -13
-9
Evaluate -5 + 12 + -29 - -19 - (3 - -80).
-86
Calculate 0 + 21 + (-26 - (-87 - -70)).
12
Evaluate (-31 - (122 + -269)) + -187.
-71
What is the value of (-3 - (5 + (-8 + 0 - 10))) + -40?
-30
Evaluate (386 - 374) + (-36 - 1).
-25
What is -100 + (-22 - -46) + 40?
-36
Evaluate (-7 - -1) + 39 + -22 + 17.
28
Evaluate 6 + -27 - (13 + -12 - 53).
31
What is 0 - (-3 - (2 - 4) - (11 - (-12 - -20)))?
4
What is -7 + 7 + 12 + (4 - 18) + 1?
-1
Calculate 15 - 1 - (17 + -31 + 11 + -7) - 12.
12
Calculate 55 + -6 - (43 + (-10 - 61)).
77
-132 + 1 - (305 - (-215 - -538))
-113
What is the value of 22 + -25 + (24 - -13) - 172?
-138
What is (0 - (-10 - -5)) + -6 - (-66 + 127)?
-62
Evaluate -1 + 54 - (0 + 7 + (32 - 27)).
41
Evaluate -5 + (-26 - 0) + -5 + (-4 - (8 - 16)).
-32
What is 1 + -16 - (-4 + (-11 + 3 - -12))?
-15
What is (2 - (0 - -4)) + -3 + 830 + -785?
40
Evaluate (65 + -145 - -85) + -1 + -31.
-27
What is the value of 56 + 4 + 20 + (-5 + -1 - 6)?
68
42 - (63 - (-8 - 49))
-78
Evaluate -57 + (4 + 2 - (-58 + 59)).
-52
Calculate 1 - 6 - (25 + 3 + -17) - -68.
52
What is the value of -1 + -8 - ((15 - 85) + 8 + 11) - 0?
42
Evaluate 27 - -25 - 42 - -13.
23
What is the value of 1 + -6 + (48 - 222 - -164)?
-15
What is -137 + 30 - -36 - -50?
-21
Evaluate (58 - (-35 - -62) - -38) + (-9 - (2 + -2)).
60
Calculate (0 - 10) + (978 - 990).
-22
What is (-5 - (-5 + -10 + 26)) + 14 + -10 - 103?
-115
What is the value of 7 + 3 + -16 + (7 - 5 - (3 - -63))?
-70
What is the value of 18 + -51 - (-60 + 34)?
-7
What is the value of (1 + 5 - (-855 + 921)) + -3?
-63
Calculate 4 + -2 + -15 + 116 + -102.
1
Calculate -6 - (19 - (-5 - -38)) - 7 - 97.
-96
What is the value of -1 - -27 - (-11 + -16 - -9)?
44
Evaluate -7 + -3 + -19 + -70 - (1 + -2) - 4.
-102
What is 163 + -32 + (-40 + 4 - -4)?
99
Evaluate -68 - (-21 + -18 + -3 + 14).
-40
Evaluate 4 + -3 + -7 + -45 + 118 + -66.
1
Calculate 22 - 1 - 3 - (23 - -45 - 75).
25
What is the value of (-79 - ((-1 - 45) + 9)) + 153?
111
What is the value of (-45 - -253) + (-372 - -228)?
64
Evaluate -93 - -190 - (21 - 1) - (-3 + -3).
83
What is (33 - (-42 - -93)) + (-2 - 25)?
-45
What is 9 + -1 - (12 + (47 - (45 - 28)))?
-34
Evaluate -4 + -40 + 259 + -237 + 156.
134
Calculate 49 + 31 + 80 + -167.
-7
What is the value of 6 + -10 + (-58 - (-12 - 4))?
-46
What is 78 - (15 + -5 - 2) - (116 + -100)?
54
Calculate 17 + (1 - 1) - 1 - (-3208 - -3250).
-26
(-20 - (-1 - (20 - 21))) + -5
-25
Calculate 16 - (-4 + 25) - (-4 + 41 + -4 + 9).
-47
What is (-205 - -58) + 96 + 20?
-31
What is the value of 12 - (45 + 8) - 27?
-68
What is the value of 6 + -29 + (33 - (-2 - 3))?
15
What is the value of (94 - 78 - (-3 - (19 - 0))) + -11?
27
What is -769 + 646 - (-21 - 11 - -9)?
-100
Calculate (316 - 106 - 118) + -199.
-107
Evaluate -1 - 7 - (-89 + (-33 - -141)).
-27
13 + (16 - (7 + -22 + (17 - 4)))
31
Evaluate 21 + 86 + (0 - -4) + 13.
124
Calculate 39 - ((5 + 12 + -23 + 21 - 7) + 1).
30
What is the value of 38 + (57 - 18 - 36) + -1 + -9 - -9?
40
Calculate (7 - 30) + (10 - -49) + -113.
-77
What is the value of 5 + (-13 - (26 + (33 - 79)))?
12
What is the value of (108 - -143 - 119) + -272?
-140
Calculate 0 + 1 - (-4078 + 4137).
-58
What is the value of -14 + (-5 - -5) + (-33 - -18)?
-29
-48 + 10 - -51 - (-4 + 4)
13
Evaluate (-30 - (-1 - 58)) + (-55 - 5).
-31
What is the value of -9 + (43 + -38 - 2) + (12 - 1) + 2?
7
(8 + -61 - 3 - 15) + (1 - -4)
-66
What is -4 + 5 + -2 + -35 + (-52 - -95)?
7
Evaluate 9 + (-48 - (-18 - -19)).
-40
Calculate (-5 - ((-20 - -5) + -2 + -8)) + -12.
8
Evaluate 1994 + -2080 + (96 - 1).
9
What is the value of (51 + (39 - 83) - (12 + 0)) + -22?
-27
Evaluate -89 - -6 - -57 - -27.
1
What is 42 + -1 - (-3 + -48 + 235 + -199)?
56
Calculate 53 - (-35 - -16 - -5) - (11 + -1).
57
What is -1 + (-11 + -4 - -22) + -4?
2
Calculate (-1 - -3) + (-30 - -70) + -64.
-22
Calculate -21 + 31 + -12 - (7 + 1 + 4).
-14
Evaluate -7 + (-1 - (3 + -15)) + -22.
-18
What is -7 - ((-168 - -171) + (44 - (0 + -7 + 3)))?
-58
Evaluate -71 - (-204 + 210 - (10 - 2)).
-69
Evaluate 47 - 23 - (-9 + 43 - 11).
1
What is the value of 16 + -79 + 6 - (7 - -4 - 21)?
-47
What is the value of (2 - 1) + (-42 - -8) + (347 - 344)?
-30
(69 + 0 - (-4 + (12 - 7))) + 1534 + -1521
81
Calculate 2630 + -2592 - (65 + -1).
-26
What is the value of (-10 - -21 - -15) + -52?
-26
What is the value of -2 - -97 - (105 + -76 - (16 - 2) - 2)?
82
Evaluate 1 - -2 - (0 - -4 - 91) - (-105 - -100).
95
Evaluate -39 - (-10 - 3 - 1 - (218 + -231)).
-38
What is (-655 - -643) + (-1 - -47)?
34
158 + -90 + -41 - -48
75
-32 - (-22 + 12 - -19)
-41
What is (-126 - -39 - -89) + -10?
-8
Calculate -24 - (5 - (36 - 4)) - (48 - 1).
-44
Evaluate 2 + (-52 - (-53 - -57)).
-54
2 - -53 - (54 + -21 + -12 + -4)
38
What is the value of -1 + 4 + -2 + 115 + (223 - (-22 + 230))?
131
What is the value of 40 - 0 - -3 - -2 - ((58 - 64) + 4)?
47
Calculate -11 + -3 - (828 - 848).
6
What is -2 + -16 - (3 + -2) - (19816 + -19730)?
-105
(3 + -10 - -10) + -12 + 26 + (1 - 9)
9
What is -81 - (44 + -11 + -55)?
-59
What is (15 - 4) + (49 - 26)?
34
Calculate 79 + 17 + 0 + (98 - 134).
60
What is (7 + -22 + -21 - -6) + -19?
-49
-65 + 1 + -56 + 58 + -355 + 360
-57
Evaluate -35 - -74 - (35 + -31 - -30).
5
What is the value of (-3 - (-42 + (50 - -85))) + -5?
-101
What is -63 + 33 + 46 + 5?
21
Calculate 0 + 1 - -11 - (-20 + (-12 - -16 - -7)).
21
Calculate (-6 - (23 + -17)) + -1 + -1.
-14
Evaluate 56 - 26 - (-4 + 10 - 5).
29
What is the value of 2252 - 2240 - (-2 + 4 + 9)?
1
Calculate 19 + (-7 + 39 - (-1 - -90)).
-38
What is (4 + -8 - ((8 - 11) + 0)) + -1 + -69?
-71
What is 1772 + -1785 - (-2 + 0 + 11)?
-22
-18 - (-6 + -3) - (-2 + 1 - (15 - -4))
11
Evaluate -6 - (-1 - -7 - (-19 + -11 + 11)).
-31
Evaluate -99 + -31 + (23 - -123).
16
Calculate 7 + -13 + -2 + 7 + -101 + (24 - 25).
-103
Calculate -35 + -53 + 24 + 33.
-31
(-15 - (25 - 35)) + (-3 - -10)
2
What is the value of -99 + (-10 - -14) + (-33 - -59)?
-69
Evaluate (56 + -39 - 102) + (0 + -2 + 0 - 5).
-92
What is the value of -4 - (3 + -7) - (-47 - (49 - 51))?
45
-37 + (87 - 76 - -4)
-22
What is (0 - -12) + (0 + -10 + 16 - -27 - 18)?
27
What is 5 + (-16 - -3) - (5 + (4 - -2))?
-19
(-32 - -16 - -25 - -3) + -7
5
Evaluate -15 + 10 + 15 + -8 + (7 - 7) - -117.
119
Evaluate -94 + 87 + -27 + (-80 - -8).
-106
What is -133 + 160 + -114 + 21?
-66
What is the value of 11 + 118 + -97 + -117?
-85
Evaluate (24 -